 12*j + 29. Calculate r(-14).
1
Let v(x) = -x**2 - 6*x. Determine v(-7).
-7
Let a(k) = k**3 + 8*k**2 - 7*k + 9. What is a(-9)?
-9
Let i(u) = u**2 - 15*u + 51. Give i(7).
-5
Let q(l) = 20*l + 386. What is q(-19)?
6
Let h(r) = r**2 - 53*r + 66. Give h(52).
14
Let b(f) = 35*f**2. What is b(1)?
35
Let v(w) = -9*w + 179. What is v(20)?
-1
Let x(l) = -l**3 - 7*l**2 + 20*l + 18. What is x(-9)?
0
Let x(n) = -n**2 + 11*n - 25. What is x(9)?
-7
Let f(m) = 6*m**2 - 30*m - 5. Determine f(5).
-5
Let p(h) = 15*h**3 + h + 1. Calculate p(-1).
-15
Let u(y) = -y**2 - 24*y - 121. Determine u(-18).
-13
Let y(a) = 5*a + 83. Calculate y(-17).
-2
Let q(g) = -20*g - 52. What is q(-7)?
88
Let z(m) = m**3 - 5*m**2 - 30*m + 104. Give z(7).
-8
Let p(m) = 7*m + 21. Determine p(-8).
-35
Let x(m) = -3*m - 23. What is x(-12)?
13
Let w(a) = 3*a - 4. Give w(-12).
-40
Let o(w) = -w + 7. Determine o(11).
-4
Let s(q) = q**2 + 6*q - 9. Give s(-7).
-2
Let y(g) = -g**3 - 8*g**2 - 9*g - 5. Determine y(-7).
9
Let q(g) = 11*g**2 + 9*g + 5. Determine q(-2).
31
Let s(n) = 2*n**3 + 2*n**2 - 4*n + 1. What is s(1)?
1
Let p(w) = -2*w**2 + 30*w - 34. Give p(14).
-6
Let v(p) = p**2 + 10*p + 6. Give v(-9).
-3
Let w(k) = -6*k**2 - 23*k + 3. Calculate w(-6).
-75
Let z(x) = x + 25. Give z(18).
43
Let g(j) = j**3 - 19*j**2 + 14*j + 18. Give g(18).
-54
Let z(w) = w**3 - 2*w**2 + w - 2. Calculate z(2).
0
Let b(p) = p**3 - p**2 - 2*p - 1. Give b(2).
-1
Let v(u) = -2*u**3 + 2*u**2 + 15*u - 16. What is v(1)?
-1
Let f(b) = b**3 + 14*b**2 - 2*b - 18. Calculate f(-14).
10
Let i(w) = -5*w - 4. Give i(-2).
6
Let n(s) = 8*s - 164. Calculate n(20).
-4
Let s(o) = -o**3 + 5*o**2 + 7*o + 2. What is s(6)?
8
Let m(v) = -2*v**3 + 32*v**2 - 12*v - 12. What is m(16)?
-204
Let k(c) = -2*c**2 + 9*c + 4. Determine k(5).
-1
Let p(b) = -b**3 + 8*b**2 - 7*b - 3. Calculate p(7).
-3
Let q(i) = -10*i**3 + 2. Determine q(-2).
82
Let j(y) = -2*y**2 + 7*y - 5. Determine j(5).
-20
Let t(a) = -2*a - 1. Determine t(-4).
7
Let b(m) = 7*m - 142. Determine b(21).
5
Let s(k) = 16*k - 2. Determine s(13).
206
Let c(h) = -h**2 + 10*h + 10. Calculate c(11).
-1
Let o(d) = 2*d**2 + 2. Determine o(3).
20
Let o(p) = 11*p + 20. Calculate o(-4).
-24
Let k(c) = -4*c**2 + 2*c + 3. Determine k(-2).
-17
Let d(k) = 11*k - 1. Give d(-1).
-12
Let o(p) = -p**3 - 4*p**2 + 6*p - 2. Determine o(-5).
-7
Let y(z) = 4*z - 26. Calculate y(13).
26
Let v(n) = -2*n - 1. Calculate v(12).
-25
Let f(s) = -5*s + 30. What is f(7)?
-5
Let g(b) = b + 18. Give g(13).
31
Let g(d) = -22*d + 14. Determine g(9).
-184
Let k(m) = -m + 4. Give k(-5).
9
Let i(u) = u + 3. Give i(-4).
-1
Let d(h) = 10*h + 3. What is d(-4)?
-37
Let o(v) = -v**2 - 14*v + 9. Give o(-12).
33
Let f(v) = -v - 23. Give f(-10).
-13
Let g(i) = 9*i**3 - 2*i**2 - i. Calculate g(-1).
-10
Let v(r) = -r**2 + 28*r + 37. Calculate v(29).
8
Let b(d) = d**3 + 10*d**2 + 12*d + 20. Give b(-9).
-7
Let j(c) = c**3 - 8*c**2 - 4*c + 22. Give j(8).
-10
Let a(i) = i**2 - 29. What is a(0)?
-29
Let j(k) = k**2 + 16*k - 5. What is j(-18)?
31
Let q(s) = 13*s + 4. Give q(7).
95
Let n(x) = -5*x - 3. Determine n(3).
-18
Let h(q) = q**2 + q - 5. Give h(-2).
-3
Let n(p) = -11*p + 20. What is n(3)?
-13
Let r(h) = -h**2 - 9*h + 1. Give r(-8).
9
Let s(q) = -2*q**2 + 2*q + 1. Determine s(-1).
-3
Let g(j) = -j**3 + 3*j**2 - 5*j + 11. Determine g(5).
-64
Let t(d) = -2*d - 7. Determine t(-7).
7
Let o(y) = 2*y**2 + 4*y - 1. What is o(-5)?
29
Let g(q) = -11*q**2 - q - 1. Give g(-1).
-11
Let i(z) = z**3 + 10*z**2 + 2*z - 13. What is i(-5)?
102
Let w(m) = -m**2 - 4*m - 15. Calculate w(-6).
-27
Let a(j) = -7*j - 59. Calculate a(-10).
11
Let g(d) = 47*d + 89. What is g(-2)?
-5
Let p(h) = 100*h + 1200. Give p(-12).
0
Let y(w) = -w**2 - 21*w - 69. What is y(-17)?
-1
Let u(x) = -x**2 - 2*x + 91. What is u(-11)?
-8
Let n(a) = a**3 + 9*a**2 + 6*a + 6. Calculate n(-8).
22
Let t(s) = -2*s**3 + 14*s**2 - 12. Determine t(7).
-12
Let z(f) = 2*f - 7. Determine z(-8).
-23
Let z(i) = i**3 + 14*i**2 - 34*i - 28. Determine z(-16).
4
Let s(k) = -k**3 + 6*k**2 + k - 2. What is s(6)?
4
Let o(s) = -s**3 - 14*s**2 - 19*s - 19. Determine o(-13).
59
Let u(j) = 4*j + 12. Determine u(-4).
-4
Let d(p) = p**3 - 11*p**2 - 107*p - 27. Give d(-6).
3
Let v(l) = -8*l - 98. What is v(-15)?
22
Let q(y) = y**2 - 9*y - 27. What is q(11)?
-5
Let z(t) = 2*t**2 + 12*t - 13. What is z(-7)?
1
Let o(b) = -b**3 + 3*b**2 + 5*b - 13. Calculate o(4).
-9
Let m(w) = -w**3 - 9*w**2 - 9*w - 7. Determine m(-8).
1
Let d(r) = -r**3 + 4*r**2 + 16*r - 48. Give d(5).
7
Let m(k) = -k**2 + 2*k - 5. What is m(5)?
-20
Let m(c) = -c**3 + 7*c**2 + 8*c - 7. Determine m(7).
49
Let j(y) = -y**3 + 7*y**2 - 5*y - 8. Calculate j(2).
2
Let x(s) = 3*s + 36. Give x(-14).
-6
Let i(b) = 12*b**2. What is i(1)?
12
Let l(g) = -g**2 - 29*g - 209. Calculate l(-14).
1
Let y(j) = j**3 + 9*j**2 - 14*j - 13. Determine y(-10).
27
Let o(y) = -3*y. Calculate o(6).
-18
Let v(c) = 2*c**2 - c - 3. Determine v(0).
-3
Let z(t) = 11*t + 86. What is z(-9)?
-13
Let s(r) = -12*r**3 - r**2 + 3*r - 3. Give s(1).
-13
Let x(m) = -m**2 + 11*m + 7. What is x(8)?
31
Let a(q) = 2*q**2 + 10*q + 5. Determine a(-4).
-3
Let g(c) = c**3 - 7*c**2 + 3*c + 15. Calculate g(5).
-20
Let t(h) = 11*h**3 - h**2 + 1. Calculate t(-1).
-11
Let j(w) = 7*w**3. Determine j(1).
7
Let v(h) = -7*h + 7. Calculate v(-3).
28
Let w(t) = -t**3 + 7*t**2 - 3*t + 16. What is w(7)?
-5
Let w(b) = b**3 - 21*b**2 - b + 35. Give w(21).
14
Let t(k) = 3*k**2 + 2*k - 3. Give t(1).
2
Let v(b) = 9*b - 192. What is v(27)?
51
Let q(s) = s**3 + 6*s**2 + 9*s + 13. Determine q(-4).
9
Let g(x) = x**2 - 2*x - 6. Calculate g(5).
9
Let v(g) = -g**3 - 12*g**2 + 13*g + 5. What is v(-13)?
5
Let m(n) = 7*n + 79. What is m(-7)?
30
Let l(r) = -r**3 - 6*r**2 - 42. What is l(-7)?
7
Let q(b) = -b**3 - 7*b**2 + 24. What is q(-6)?
-12
Let f(i) = i + 11. Determine f(-3).
8
Let r(p) = -6*p + 1. Determine r(4).
-23
Let d(i) = i**3 + i**2 + i - 61. Give d(0).
-61
Let o(n) = 22*n - 4. Determine o(3).
62
Let s(p) = p**3 - 4*p**2 + 4. Calculate s(3).
-5
Let b(s) = -3*s + 150. Give b(49).
3
Let a(s) = 2*s**2 - 11*s - 10. Give a(7).
11
Let p(w) = 3*w + 13. What is p(-19)?
-44
Let i(l) = -l**2 + 11. Give i(0).
11
Let x(c) = 11*c + 14. Calculate x(8).
102
Let o(v) = -v**3 + 11*v**2 - 19*v + 92. What is o(10)?
2
Let a(x) = -4*x - 2. Give a(-6).
22
Let q(g) = g**2 - 11*g + 6. What is q(10)?
-4
Let j(p) = -p**3 - 6*p**2 - 3*p + 7. What is j(-5)?
-3
Let n(p) = p - 2. Calculate n(-4).
-6
Let t(z) = 6*z + 122. Calculate t(-15).
32
Let d(q) = -q**3 + 2*q**2 + q + 40. Determine d(0).
40
Let b(l) = l**3 - 10*l**2 + 9*l + 12. Determine b(9).
12
Let u(o) = o**3 + 23*o**2 - 24*o + 4. What is u(-24)?
4
Let y(b) = b**3 + b**2 + b + 3. What is y(-2)?
-3
Let j(v) = v + 12. What is j(-10)?
2
Let r(q) = 16*q + 362. What is r(-24)?
-22
Let f(k) = -k**2 + 6*k + 14. Determine f(7).
7
Let c(r) = -2*r**2 + 14*r + 47. Give c(10).
-13
Let p(o) = 72*o + 498. Give p(-7).
-6
Let q(i) = -5*i + 3. Determine q(3).
-12
Let d(i) = i**2 - 6*i - 20. What is d(-11)?
167
Let w(c) = -3*c**2 + 22*c - 68. Determine w(3).
-29
Let s(y) = 30*y + 383. Determine s(-13).
-7
Let l(v) = -19*v + 13. What is l(6)?
-101
Let p(j) = -j**2 - 16*j - 46. What is p(-7)?
17
Let q(y) = y**2 - 17*y. What is q(15)?
-30
Let d(f) = f**2 - 22*f + 64. Give d(21).
43
Let s(q) = 2*q**2 - 26*q - 1. Give s(13).
-1
Let p(k) = 2*k + 3. Give p(-4).
-5
Let m(h) = -3*h + 24. Calculate m(11).
-9
Let q(g) = g**3 - 6*g**2 - 2*g - 13. Calculate q(7).
22
Let o(y) = -3*y**3 + 7*y**2 - 2*y + 5. What is o(3)?
-19
Let s(c) = -57*c. What is s(-1)?
57
Let o(l) = -9*l**2 - 3*l - 4. Give o(-2).
-34
Let l(z) = -z**3 + 18*z**2 + 24*z - 127. Calculate l(19).
-32
Let j(c) = -10*c**2 + 3*c - 16. What is j(3)?
-97
Let r(i) = -38*i + 149. Determine r(4).
-3
Let b(f) = f**2 - 16*f - 75. Determine b(-4).
5
Let q(y) = -16*y**2 - 4*y + 5. What is q(2)?
-67
Let i(y) = y**2 + 30*y + 148. Determine i(-24).
4
Let l(n) = n**2 + 8*n + 22. Determine l(-3).
7
Let z(a) = 3*a - 57. What is z(20)?
3
Let p(a) = -a**2 - 11*a - 16. Determine p(-11).
-16
Let y(x) = -x**2 + 14*x - 40. Give y(5).
5
Let g(a) = -a**3 + 4*a**2 - a - 2. Give g(3).
4
Let s(k) = 10*k - 70. Determine s(6).
-10
Let o(i) = -i. Give o(-10).
10
Let b